In base 2, what is 1000111 + -1001001000110?
-1000111111111
In base 2, what is 101110 - -1011011110110?
1011100100100
In base 15, what is 70 - -70d?
77d
In base 5, what is 1012 - -114330?
120342
In base 6, what is 210323 - 12?
210311
In base 12, what is 5 + -173745?
-173740
In base 8, what is 2 - -1561?
1563
In base 12, what is -1487b + 3?
-14878
In base 11, what is 1142505 - -4?
1142509
In base 5, what is -22014 + -20022?
-42041
In base 8, what is -21573 - -3?
-21570
In base 11, what is 2323 - 13?
2310
In base 10, what is -3 + -5725?
-5728
In base 16, what is -54de6 - -4?
-54de2
In base 6, what is 40325 - 134?
40151
In base 12, what is a905 + 0?
a905
In base 8, what is -3 + -406174?
-406177
In base 14, what is -1 + 1176b?
1176a
In base 13, what is 3449c5 - 4?
3449c1
In base 15, what is -3 + -12b41?
-12b44
In base 3, what is 20 - -112201202111?
112201202201
In base 15, what is -28c4 - 47?
-291b
In base 8, what is -22455 - 10?
-22465
In base 14, what is -134 - 112?
-246
In base 7, what is 52003 + -40?
51633
In base 11, what is -589066 + 5?
-589061
In base 9, what is -188523 - 1?
-188524
In base 14, what is 7684ab - 0?
7684ab
In base 8, what is -45413 + 7?
-45404
In base 5, what is 413 + -2040003?
-2034040
In base 2, what is 11 + -11111001001101001?
-11111001001100110
In base 5, what is -1424 - 34201?
-41130
In base 12, what is -72 + -1a70?
-1b22
In base 15, what is -4496 - 5?
-449b
In base 15, what is -2e + 932c?
92ed
In base 14, what is -14 + 11d24?
11d10
In base 6, what is -10 - -5302200?
5302150
In base 2, what is -100 - 10101110?
-10110010
In base 16, what is -594 + 2?
-592
In base 12, what is -47 + -1218?
-1263
In base 4, what is 21223 + 321210?
1003033
In base 4, what is 333 - 10120013?
-10113020
In base 15, what is e9a6 - -8?
e9ae
In base 5, what is -13002212 + 0?
-13002212
In base 7, what is -3565405 + -1?
-3565406
In base 6, what is -10 - -5113053?
5113043
In base 8, what is -734 + 33?
-701
In base 3, what is 11 - 122210?
-122122
In base 11, what is -1 - 10293?
-10294
In base 12, what is -435b6 - -2?
-435b4
In base 4, what is -10 + -2232322?
-2232332
In base 16, what is 427 + -418?
f
In base 10, what is -406 - 148?
-554
In base 5, what is 3 + -213310?
-213302
In base 13, what is -a9 + 4b1?
405
In base 2, what is -1001111111110100100 + -111?
-1001111111110101011
In base 3, what is 20122220110 + -10?
20122220100
In base 16, what is 4184e + -1a?
41834
In base 4, what is 11 - 12100023?
-12100012
In base 12, what is 12 - 6683?
-6671
In base 3, what is -1010011 - -1212?
-1001022
In base 12, what is -8a7 + -3?
-8aa
In base 4, what is 1133312020 + -11?
1133312003
In base 3, what is -10011202000 + 210?
-10011201020
In base 2, what is -100010 + 11011111000111?
11011110100101
In base 16, what is 3441d4 + 2?
3441d6
In base 7, what is 626 + -2?
624
In base 13, what is 19919 + -4?
19915
In base 9, what is 4566 - -274?
4851
In base 9, what is 5 + -2350?
-2344
In base 3, what is 101 + -1200011120?
-1200011012
In base 14, what is -18621 + 2?
-1861d
In base 11, what is -9 - 11a7?
-1205
In base 9, what is -42454 - -2?
-42452
In base 5, what is -3033 + -2342?
-10430
In base 6, what is -15221 - -15?
-15202
In base 2, what is 100011000 + 110001?
101001001
In base 8, what is -26 + -43?
-71
In base 4, what is -20 - 200?
-220
In base 14, what is -81a + -3c?
-858
In base 8, what is -5 + -401115?
-401122
In base 11, what is 4 + 266?
26a
In base 5, what is 0 - -113020?
113020
In base 6, what is -1 - 1415234?
-1415235
In base 7, what is -166 + -135?
-334
In base 8, what is 236 - -265?
523
In base 16, what is -187 + 12?
-175
In base 9, what is -3 - -14131?
14127
In base 6, what is -2255 + 4?
-2251
In base 16, what is 27335 + 1?
27336
In base 15, what is -55e3b + 5?
-55e36
In base 10, what is -5 + -279861?
-279866
In base 10, what is 1561 + 2?
1563
In base 3, what is -10 + 22200?
22120
In base 16, what is -762 - -12?
-750
In base 10, what is -294662 + 17?
-294645
In base 15, what is 0 - -43b?
43b
In base 4, what is -23 - -10202?
10113
In base 10, what is -6 + 998323?
998317
In base 7, what is 141453 - -140?
141623
In base 2, what is -1100 - 11010101010011111?
-11010101010101011
In base 3, what is -1 + -1020211120?
-1020211121
In base 5, what is -4 - -44332102?
44332043
In base 8, what is 21362 + 60?
21442
In base 9, what is -25 + 1174?
1148
In base 14, what is -4 - 4d7?
-4db
In base 6, what is 12423531 + -5?
12423522
In base 3, what is 10002212 + 120?
10010102
In base 9, what is -782 - 308?
-1201
In base 5, what is -10 - 10300310?
-10300320
In base 15, what is -17 + -1de?
-206
In base 14, what is 1 + 5046c?
5046d
In base 13, what is -1 - -ccc78?
ccc77
In base 7, what is 5 - -5215?
5223
In base 15, what is 56 + -8b83?
-8b2c
In base 12, what is 5 - 6749?
-6744
In base 12, what is 1 - -82a6?
82a7
In base 12, what is 326a6 - 1?
326a5
In base 13, what is -7 + -289a?
-28a4
In base 13, what is -2408b + a?
-24081
In base 7, what is -6061 - -6?
-6052
In base 12, what is 3 + -807?
-804
In base 5, what is -1101300 - -1?
-1101244
In base 6, what is -3413004 + -1?
-3413005
In base 13, what is 5 + a60bc?
a60c4
In base 16, what is 8 - 47e66?
-47e5e
In base 8, what is 22552 - -12?
22564
In base 11, what is -214 + 25?
-19a
In base 6, what is 0 + 22543?
22543
In base 3, what is 210 - -1021220021?
1021221001
In base 5, what is -21004020 + 4?
-21004011
In base 4, what is 1323 - -222110?
230033
In base 4, what is -1020 - 11132?
-12212
In base 10, what is -49901 - -1?
-49900
In base 16, what is -22c + -3a?
-266
In base 11, what is a5781a + -4?
a57816
In base 15, what is 6 + -1dc4?
-1dbd
In base 12, what is -2 + 28935?
28933
In base 9, what is 36 - -4070?
4116
In base 2, what is 11011101 + 110001000011?
110100100000
In base 11, what is -115 + 3610?
34a6
In base 5, what is 0 - -12424033?
12424033
In base 16, what is 1663 - -3?
1666
In base 4, what is 122203 - -1211?
130020
In base 4, what is 1 - 1001201013?
-1001201012
In base 3, what is 212122212212 - 12?
212122212200
In base 10, what is -4 + 206371?
206367
In base 13, what is -344 - -30?
-314
In base 15, what is 6 - 1b84?
-1b7d
In base 6, what is 32 - -2212511?
2212543
In base 11, what is 3 + 7365?
7368
In base 16, what is a7b6 + -5?
a7b1
In base 5, what is 3431040 - -1?
3431041
In base 11, what is -64 - 2748?
-2801
In base 12, what is -4 - 76714?
-76718
In base 10, what is -32 + 2139?
2107
In base 8, what is -71773 - 1?
-71774
In base 14, what is 10c2 - -31?
1113
In base 8, what is -25265 - 5?
-25272
In base 10, what is 20435 - -191?
20626
In base 8, what is -22731 + 41?
-22670
In base 16, what is -3477 + 24?
-3453
In base 6, what is 1444314 + -5?
1444305
In base 6, what is 230125 + -1?
230124
In base 6, what is -42531 + -5?
-42540
In base 10, what is 3 + 13298?
13301
In base 3, what is 11 + -101021202?
-101021121
In base 12, what is -2a0a + -15?
-2a23
In base 16, what is -12b0 + -1fc?
-14ac
In base 12, what is 1 + -4543?
-4542
In base 11, what is -20 + -4558?
-4578
In base 11, what is -1 - -155790?
15578a
In base 5, what is -3320444 - 144?
-3321143
In base 14, what is 2619 - -1?
261a
In base 13, what is -6aacc - -3?
-6aac9
In base 4, what is -11 + -2120112032?
-2120112103
In base 7, what is 130403 + 3?
130406
In base 2, what is 110111000110 - -1000?
110111001110
In base 16, what is -95ae + f?
-959f
In base 10, what is 4 - 699605?
-699601
In base 7, what is 24 + 32005?
32032
In base 2, what is 101011 - -101110000000100?
101110000101111
In base 15, what is -e25 + 15?
-e10
In base 16, what is -162a8 + 7?
-162a1
In base 2, what is 100 - -101111001000011?
101111001000111
In base 9, what is 10206 + 71?
10277
In base 5, what is -11 + -20132?
-20143
In base 5, what is 1020144 + 11?
1020210
In base 12, what is 51586 + -58?
5152a
In base 4, what is 30130131 - 2?
30130123
In base 9, what is 8051677 + -1?
8051676
In base 9, what is 303 - -2026?
2330
In base 2, what is -10000111101 + 111?
-10000110110
In base 8, what is -102 + -4725?
-5027
In base 16, what is -2d + -15e?
-18b
In base 7, what is 4043 - -36?
4112
In base 2, what is 1000011100 - 10110?
1000000110
In base 12, what is -72 - -27?
-47
In base 13, what is -50 - -234?
1b4
In base 3, what is -2 + 12202122?
12202120
In base 10, what is 4 - 23407?
-23403
In base 14, what is -61221 - -3?
-